+ 0?
-5
What is -4 + 13 + -8 + (-4 - -3)?
0
What is the value of (4 - 2) + (1 - (-2 + 1))?
4
Calculate -7 + (9 - 8) + 1.
-5
-3 + 2 + 4 - (-1 - -4)
0
What is the value of -7 + (1 - (-1 + -5))?
0
(-2 - 0) + (-2 - -7)
3
What is 2 - 3 - -5 - (-15 + 25)?
-6
What is the value of 4 - (1 - 0) - -3?
6
-2 - (2 + 0) - 6 - -5
-5
What is the value of 0 - 4 - 0 - -2?
-2
Calculate 6 - 5 - (-12 - -14).
-1
What is the value of 9 + -5 + 2 + -3?
3
Calculate -3 - (8 - 4 - (4 - 3)).
-6
-3 + 7 - (8 + -6) - 4
-2
(0 - -9) + 10 + 1 + -13
7
Calculate -3 - -1 - -2 - 2.
-2
-7 + (-5 - (-4 - 3)) + -1
-6
Calculate -7 + (4 - 3) + 1.
-5
Evaluate -10 + 9 - (-4 - -8).
-5
-3 + 2 + (5 - 0)
4
What is -4 + 3 + -9 - -9?
-1
Evaluate -4 + 5 + (-10 - -6) + -1.
-4
Evaluate -1 + 3 - (-9 - (6 - 12)).
5
Calculate -3 + 3 + 2 - -3.
5
(3 - 8 - (-5 + 0)) + -3
-3
What is the value of (-2 - 0) + (-1 - -10)?
7
Evaluate (-3 - -11) + 3 + -7 + -4.
0
What is the value of 9 + 2 - (11 - 1)?
1
Calculate 2 - 1 - (17 + -16).
0
-1 + (-5 - (-1 + -4 - -5))
-6
What is the value of (2 - (16 - 2)) + (1 - -5)?
-6
-4 + 7 + 1 + -4 + 1
1
What is the value of (-1 + -2 - 2) + 9?
4
What is the value of 1 - -9 - 9 - (-5 + 3)?
3
What is the value of 2 - (1 + (1 - -2))?
-2
-25 + 29 - (6 - 0)
-2
4 + -3 + -2 - 2
-3
What is the value of -18 + 11 + (6 - 0) + -6?
-7
What is the value of -10 - -2 - (7 - 11)?
-4
What is 4 - ((1 - -9) + (-3 - 0))?
-3
What is 1 + 3 + (-3 - (-3 - -2))?
2
Evaluate (6 - (5 - -2)) + -6.
-7
(6 - -1) + (24 - 25) + -10
-4
Calculate 0 + -3 - (4 + -4 - -4).
-7
What is the value of (19 - (6 + 4)) + -8?
1
What is the value of 1 + 0 - (7 + (5 - 16))?
5
What is the value of 0 + 4 - (-20 - -20)?
4
What is the value of (-4 - -4) + -4 - 1?
-5
Calculate (-5 - -5) + -5 + 3 + -3.
-5
Calculate 1 - (0 + -2 - (-8 + 4)).
-1
Evaluate (-3 - 0) + (-1 - (-3 - -4)).
-5
Evaluate (2 - 1) + (-2 - 4) - -2.
-3
Calculate 114 + -119 + (-1 + 1 - -5).
0
(-2 - -1) + (-7 - -5)
-3
What is -25 + (-9 - -5 - -19)?
-10
What is (-8 - 3) + 8 + (-2 - 0)?
-5
What is (-4 - (2 + -3 - 0)) + 3?
0
-11 + 2 + -7 + 11
-5
(-2 - (-2 + -1)) + -3 + 6
4
Calculate -3 - 2 - (-25 + 22).
-2
(-6 - -28 - 21) + 1 + 7
9
What is the value of -9 - (3 - 7) - 0 - -1?
-4
What is the value of -2 - ((-2 - -5) + 1 - 4)?
-2
-5 - -4 - ((-3 - 4) + 4)
2
What is the value of 8 + -6 - 7 - 0?
-5
Evaluate -8 - (3 + 0 + -6) - -3.
-2
What is the value of (2 - 5) + (0 - 1) + 3?
-1
Evaluate 1 + -3 + 2 + -2.
-2
What is -4 - ((-5 - (-1 - 2)) + 0)?
-2
What is the value of -2 + -1 + 0 - (-2 + 3)?
-4
What is the value of (19 - (-10 - -20)) + -8?
1
Evaluate -3 + 1 + -10 + 14 + -1.
1
Evaluate -7 + -1 + -2 + 1 + 0.
-9
Calculate -3 + (-1 + -1 + 8 - -2).
5
Evaluate (-4 - -2) + 1 - (13 - 9).
-5
-10 - (-15 + -6 + 6)
5
Calculate (2 - (2 + 0)) + 1 + 3.
4
What is the value of 3 - (-6 + -3 + 5) - 15?
-8
What is (-1 - 5) + -3 - -3?
-6
Calculate (11 - (5 - 0 - 4)) + -4.
6
Evaluate -5 - (4 - (5 + -1 - -3)).
-2
What is the value of (-4 - -1 - -6) + -3?
0
Calculate -6 + (-3 + 8 - 2).
-3
Evaluate -1 + 3 - (14 + (-12 - -5)).
-5
What is the value of (-10 - -2) + (-1 - (-12 - -8))?
-5
Evaluate (0 - (14 + -7)) + 4.
-3
What is (468 - 462) + (-1 - 0 - 0)?
5
(5 - 4) + -3 + -3
-5
What is the value of 1 - (12 + -7 - (8 - 5))?
-1
What is the value of 7 - (2 + 0) - (4 - 1)?
2
Evaluate -17 + 12 - -9 - 11.
-7
Calculate (-11 - -6) + 14 + 0.
9
Evaluate 10 - (5 - (-4 + 3)).
4
What is -13 + 0 + 2 + 2 + 3?
-6
Evaluate -2 + 11 - -3 - 16.
-4
What is 5 + -3 + -6 - -4?
0
Evaluate -3 - (-5 + 2) - 2 - -1.
-1
Calculate 4 + (-1 - (15 + -1) - -3).
-8
What is (1 - 4 - 0) + 8?
5
Calculate 4 - (-3 + 4) - 0.
3
1 - 2 - (-10 - -6)
3
Evaluate 12 + -10 - -1 - (-1 + -2).
6
What is -8 - -7 - (1 + 2)?
-4
Evaluate -2 + -1 + 8 + (-24 - -12).
-7
Evaluate 19 + -12 + -11 + (2 - 1).
-3
Calculate 5 + -4 - (9 + (2 - 5)).
-5
What is the value of -4 + (-2 - 7 - -10)?
-3
Calculate -1 + (2 - 3) + 1.
-1
What is the value of 9 - (4 + -3 - -3)?
5
What is -2 + (4 - 14) + 2?
-10
Calculate (0 - -1) + (1 + 6 - 6).
2
What is -2 - (3 + -7) - (0 + 4)?
-2
6 + 5 + -8 - 2
1
Calculate -5 - 0 - (3 + -7 + -2).
1
What is the value of 7 - (4 - (4 + -3 + 3))?
7
What is -5 - (-4 - (2 + -4))?
-3
Evaluate 16 + -17 - (2 + -3).
0
What is 21 + -29 - (-3 - 2)?
-3
Calculate (-1 - -5) + (0 - 1).
3
What is (-5 - -10) + (-3 - (-3 - -4))?
1
What is -10 - (3 - 2 - 7)?
-4
Calculate 5 + (-4 - -1) - 5 - -4.
1
4 + -6 + 15 - 11
2
What is 5 + -3 - (3 + -1) - -1?
1
What is the value of 15 - (3 + 3) - 12?
-3
Evaluate 8 + (-6 - -9 - 17).
-6
What is -5 + (2 + -5 - -4)?
-4
Calculate 4 - (3 - (-4 + -1) - 1).
-3
Evaluate 3 - 2 - (17 - 15).
-1
What is the value of (-6 - (-6 + 5 + -13)) + -6?
2
(3 - 9) + -16 + 20
-2
Evaluate -2 + -9 + 0 + 4 + 4.
-3
What is -1 + 1 + 3 + 1 + -2?
2
Calculate 7 + -14 + 5 - 4.
-6
(-16 - (5 + -10)) + 2
-9
What is -4 - ((-1 - -2) + -6) - 2?
-1
Evaluate 2 - (-1 + 6 - 4).
1
1 + -2 - (13 + -14)
0
Evaluate -5 + -10 + (0 - -11).
-4
-1 + (0 - 7 - -11)
3
What is (-5 - 1) + (-7 - -18) + -10?
-5
What is the value of -1 + (8 - (1 - -2)) - 1?
3
Evaluate -5 + (4 - -7) - 5.
1
-6 + 0 + -108 + 109
-5
What is the value of 121 - 125 - (-1 + 1 - 4)?
0
Evaluate (-1 - -7) + 27 + -29 + -7.
-3
What is (0 - -9) + 0 + -7?
2
(-2 - (5 + -5)) + 8
6
Evaluate -6 - (-2 + 5 + -12 + 6).
-3
Evaluate -2 + 11 + (7 - 14) + 1.
3
What is 0 + (1 + 3 - (-61 - -61))?
4
Calculate 2 + -3 - (1 - 3 - 1).
2
What is 8 - -1 - (3 + -3 - -5)?
4
-3 + -3 + (0 - -6)
0
Evaluate (-7 - -13 - -3) + 0.
9
Evaluate 4 + -3 + -2 + 6.
5
Evaluate -3 + -1 - -7 - 1.
2
What is 7 + -5 + (4 - (8 + -4))?
2
What is the value of (-5 - -2 - (-8 + 6)) + -4?
-5
Evaluate 8 + (10 - 3 - 10).
5
Calculate 7 - ((-2 - 5) + 6 + 2).
6
What is 3 + (-8 - (-4 + 1))?
-2
What is the value of 12 - (0 - (8 + -13))?
7
Evaluate -1 + -2 + 1 + -3 + 5.
0
What is the value of -4 - (6 + -1 + -6)?
-3
What is 2 + (1 - 6) + -5?
-8
What is 4 - 0 - (-2 + (12 - 4))?
-2
What is -3 + (0 - -3) + 3?
3
What is the value of (-3 - 0) + 8 - 0 - 3?
2
What is the value of -8 + (-5 - -5 - 1 - -3)?
-6
Calculate (2 - 9) + 4 + -1 - -3.
-1
Calculate -17 - (14 + -12 - 8).
-11
(2 - 3 - 1) + 0 + -3
-5
What is -1 + -5 + -1 + 3 - -3?
-1
What is 1 - -4 - ((7 - 4) + -1)?
3
What is the value of -14 + 11 + (-1 - -1)?
-3
What is the value of 9 + -7 + 0 + -2?
0
What is the value of 8 + (-3 - (4 + 2))?
-1
Evaluate -26 - -20 - (-5 + 0).
-1
Evaluate (3 - -5) + (5 - 9).
4
Evaluate -2 - 0 - (-14 + 10) - 5.
-3
What is the value of 0 + 1 + 20 + -21 + 3?
3
4 + (1 + -1 - (0 + 10))
-6
Evaluate 12 + -6 + -12 - (-1 + 0).
-5
Calculate -1 + 4 + -6 + 1.
-2
Evaluate 1 + 5 + 0 + -2.
4
What is 4 + -12 - (0 + -11)?
3
What is the value of -1 + 0 + (2 - -1) + -1?
1
Evaluate -3 + 1 + (0 - -3) + 3.
4
What is -1 + (-7 - -10) - 4 - 1?
-3
-5 + 0 + -7 + 5 - -1
-6
Evaluate 5 + (2 - (-4 + 18)) + 5.
-2
-3 - (5 - (-7 - -18))
3
1 + (1 - -1) - (-4 + 3)
4
Evaluate 4 + (-4 - -6) - 4.
2
What is -14 + (-7 - 4 - -18)?
-7
What is 3 - -2 - (2 + -4)?
7
-3 + 0 - (-5 + 5)
-3
What is -2 - (-1 + 0 - (43 - 46))?
-4
What is -2 - 0 - (-3 + -6 - -3)?
4
What is the value of (6 - (-7 - -15)) + 1 + 0?
-1
Calculate 0 + (3 - (3 - (-1 - -4))).
3
What is the value of 3 - (-9 - -9) - (0 + 3)?
0
What is the value of 9 + -5 - (4 + 0)?
0
What is the value of 2 + 4 + -2 + -11 + 3?
-4
Calculate 2 - 0 - (26 + -29).
5
-10 - (0 - ((5 - 11) + 8))
-8
Evaluate 4 + -5 + -7 - -6.
-2
Evaluate -2 + 5 + (5 - 3) + 0.
5
Evaluate -27 + 20 + 11 + -2.
2
What is the value of -5 + (0 + -2 - -6) - -7?
6
What is the value of (11 - 15) + 1 + 9?
6
Calculate 0 + -1 + (2 - (-3 + 0)).
4
Calculate 7 + -7 + (-1 - (1 + -2)).
0
Calculate -3 + -3 + (1 - -14) + -4.
5
Calculate -6 - (-22 + 7 + 6).
3
Calculate 0 + -1 - (59 + -66).
6
What is the value of 3 + -12 + 6 - (1 - 0)?
-4
Calculate -5 - -11 - (-1 + 2).
5
Evaluate (8 - 8) + (-6 - -3) + -1.
-4
What is the value of 2 - 6 - (0 - (1 + 1))?
-2
(15 - 2) + -5 + 0 + -3
5
Calculate 0 - (-5 + 11) - -7.
1
Evaluate -3 + -1 - -6 - -1.
3
What is 5 + -2 - (2 - 1)?
2
0 + (-3 - 2) - -10 - 4
1
Calculate 0 - -1 - (1 + 0).
0
Evaluate -8 + -10 + 15 - -4.
1
What is -1 - 0 - (2 + (-6 - 1))?
4
What is 4 - 10 - (-15 - -5)?
4
Calculate -1 + -1 + 1 - (-51 - -46).
4
What is 0 + (-9 - (0 + -10))?
1
Calculate -16 + (8 - -3) + -1.
-6
-2 + 1 + 2 + -30 + 31
2
Calcul